{"id":22747,"date":"2019-03-27T10:36:29","date_gmt":"2019-03-27T10:36:29","guid":{"rendered":"https:\/\/novatask.ch\/piatti\/verein\/"},"modified":"2020-09-10T10:25:47","modified_gmt":"2020-09-10T10:25:47","slug":"verein","status":"publish","type":"page","link":"https:\/\/www.celestino-piatti.ch\/en\/verein\/","title":{"rendered":"Exhibition 2019"},"content":{"rendered":"<p>[vc_row row_type=&#8221;row&#8221; use_row_as_full_screen_section=&#8221;no&#8221; type=&#8221;full_width&#8221; text_align=&#8221;left&#8221; background_animation=&#8221;none&#8221; css_animation=&#8221;&#8221;][vc_column offset=&#8221;vc_col-lg-offset-1\/5 vc_col-lg-3\/5 vc_col-xs-offset-1 vc_col-xs-10&#8243;][vc_column_text]<\/p>\n<div class=\"wp-block-spacer\" style=\"height: 40px;\" aria-hidden=\"true\"><\/div>\n<p class=\"has-text-color has-huge-font-size has-very-dark-gray-color largeTitle\"><strong>Exhibition Petershof 2019 \u00abCelestino Piatti &#8211; The Visual Legacy\u00bb<\/strong><\/p>\n<div class=\"wp-block-spacer\" style=\"height: 20px;\" aria-hidden=\"true\"><\/div>\n<p class=\"has-text-color has-medium-font-size has-very-dark-gray-color\">The sales exhibition at Petershof in May 2019 was the first project of the association \u00abCelestino Piatti &#8211; The Visual Legacy\u00bb. The entire net proceeds will go to an anniversary publication on life and work, which is planned for 2022 to mark the 100th anniversary.<\/p>\n<div class=\"wp-block-spacer\" style=\"height: 40px;\" aria-hidden=\"true\"><\/div>\n<p class=\"has-text-color has-large-font-size has-very-dark-gray-color largeTitle\"><strong>Press commentary on the exhibition<\/strong><\/p>\n<div class=\"wp-block-spacer\" style=\"height: 20px;\" aria-hidden=\"true\"><\/div>\n<p class=\"has-text-color has-medium-font-size has-very-dark-gray-color\"><a href=\"https:\/\/www.celestino-piatti.ch\/wp-content\/uploads\/2019\/06\/ProgrammZeitung_05_2019-S.1and21.pdf\" target=\"_blank\" rel=\"noopener noreferrer\">Programmzeitung May 2019 (pdf)<\/a><\/p>\n<div class=\"wp-block-spacer\" style=\"height: 10px;\" aria-hidden=\"true\"><\/div>\n<p class=\"has-text-color has-medium-font-size has-very-dark-gray-color\"><a href=\"https:\/\/www.bzbasel.ch\/basel\/basel-stadt\/celestino-piatti-wird-neu-entdeckt-nachfahren-praesentieren-retrospektive-134394400\" target=\"_blank\" rel=\"noopener noreferrer\">\u00abSchweiz am Wochenende\u00bb on April 27, 2019<\/a><\/p>\n<div class=\"wp-block-spacer\" style=\"height: 10px;\" aria-hidden=\"true\"><\/div>\n<p class=\"has-text-color has-medium-font-size has-very-dark-gray-color\"><a href=\"https:\/\/telebasel.ch\/2019\/04\/30\/die-werke-kosten-bis-10000-franken\/\" target=\"_blank\" rel=\"noopener noreferrer\">Telebasel on April 30, 2019<\/a><\/p>\n<div class=\"wp-block-spacer\" style=\"height: 10px;\" aria-hidden=\"true\"><\/div>\n<p class=\"has-text-color has-medium-font-size has-very-dark-gray-color\"><a href=\"https:\/\/www.srf.ch\/news\/regional\/basel-baselland\/piatti-ausstellung-wiedersehen-mit-alten-bekannten-aber-nicht-nur\" target=\"_blank\" rel=\"noopener noreferrer\">Regional Journal SRF on Mai 4, 2019<\/a><\/p>\n<div class=\"wp-block-spacer\" style=\"height: 10px;\" aria-hidden=\"true\"><\/div>\n<p class=\"has-text-color has-medium-font-size has-very-dark-gray-color\"><a href=\"https:\/\/radiox.ch\/news-archiv\/celestinopiatti.html\" target=\"_blank\" rel=\"noopener noreferrer\">Radio X on Mai 7, 2019<\/a><\/p>\n<div class=\"wp-block-spacer\" style=\"height: 10px;\" aria-hidden=\"true\"><\/div>\n<p class=\"has-text-color has-medium-font-size has-very-dark-gray-color\"><a href=\"https:\/\/basellive.ch\/blog\/ein-kleines-weltkulturerbe\/bnmp\" target=\"_blank\" rel=\"noopener noreferrer\">BaselLive on Mai 10, 2019<\/a><\/p>\n<div class=\"wp-block-spacer\" style=\"height: 40px;\" aria-hidden=\"true\"><\/div>\n<p class=\"has-text-color has-medium-font-size has-very-dark-gray-color\">Wer \u00fcber die Aktivit\u00e4ten des Vereins informiert werden oder Kunstwerke erwerben m\u00f6chte folge unserem <a href=\"https:\/\/www.instagram.com\/celestinopiatti\/\" target=\"_blank\" rel=\"noopener noreferrer\">Instagram-Kanal<\/a> oder melde sich bei der Adresse unten.<\/p>\n<div class=\"wp-block-spacer\" style=\"height: 40px;\" aria-hidden=\"true\"><\/div>\n<p class=\"has-text-color has-medium-font-size has-very-dark-gray-color\">Contact<\/p>\n<div class=\"wp-block-spacer\" style=\"height: 20px;\" aria-hidden=\"true\"><\/div>\n<p class=\"has-text-color has-very-dark-gray-color\">Association \u00abCelestino Piatti \u2013 The Visual Legacy\u00bb<br \/>\nc\/o Dr. phil. Barbara Piatti<br \/>\nGotthelfstrasse 38<br \/>\nCH-4054 Basel<br \/>\nMob. ++41 (0)78 677 66 25<br \/>\n<a href=\"&#x6d;a&#x69;&#108;&#x74;&#111;:&#x69;&#110;&#x66;&#111;&#64;&#x63;&#101;&#x6c;&#101;s&#x74;i&#x6e;&#111;&#x2d;&#x70;i&#x61;&#116;&#x74;&#105;&#46;&#x63;&#104;\">&#105;n&#102;o&#64;c&#x65;l&#x65;s&#x74;i&#x6e;o&#x2d;p&#x69;a&#x74;t&#x69;&#46;&#x63;h<\/a><br \/>\n<a href=\"https:\/\/www.celestino-piatti.ch\">www.celestino-piatti.ch<\/a><\/p>\n<div class=\"wp-block-spacer\" style=\"height: 40px;\" aria-hidden=\"true\"><\/div>\n<p>[\/vc_column_text][\/vc_column][\/vc_row][vc_row row_type=&#8221;row&#8221; use_row_as_full_screen_section=&#8221;no&#8221; type=&#8221;full_width&#8221; text_align=&#8221;left&#8221; background_animation=&#8221;none&#8221; css_animation=&#8221;&#8221;][vc_column][vc_single_image image=&#8221;22761&#8243; img_size=&#8221;full&#8221; alignment=&#8221;center&#8221; qode_css_animation=&#8221;&#8221;][\/vc_column][\/vc_row]<\/p>\n","protected":false},"excerpt":{"rendered":"<p>[vc_row row_type=&#8221;row&#8221; use_row_as_full_screen_section=&#8221;no&#8221; type=&#8221;full_width&#8221; text_align=&#8221;left&#8221; background_animation=&#8221;none&#8221; css_animation=&#8221;&#8221;][vc_column offset=&#8221;vc_col-lg-offset-1\/5 vc_col-lg-3\/5 vc_col-xs-offset-1 vc_col-xs-10&#8243;][vc_column_text] Exhibition Petershof 2019 \u00abCelestino Piatti &#8211; The Visual Legacy\u00bb The sales exhibition at Petershof in May 2019 was the first project of the association \u00abCelestino Piatti &#8211; The Visual Legacy\u00bb. The entire net proceeds&#8230;<\/p>\n","protected":false},"author":3,"featured_media":0,"parent":0,"menu_order":0,"comment_status":"closed","ping_status":"closed","template":"full_width.php","meta":[],"_links":{"self":[{"href":"https:\/\/www.celestino-piatti.ch\/en\/wp-json\/wp\/v2\/pages\/22747"}],"collection":[{"href":"https:\/\/www.celestino-piatti.ch\/en\/wp-json\/wp\/v2\/pages"}],"about":[{"href":"https:\/\/www.celestino-piatti.ch\/en\/wp-json\/wp\/v2\/types\/page"}],"author":[{"embeddable":true,"href":"https:\/\/www.celestino-piatti.ch\/en\/wp-json\/wp\/v2\/users\/3"}],"replies":[{"embeddable":true,"href":"https:\/\/www.celestino-piatti.ch\/en\/wp-json\/wp\/v2\/comments?post=22747"}],"version-history":[{"count":7,"href":"https:\/\/www.celestino-piatti.ch\/en\/wp-json\/wp\/v2\/pages\/22747\/revisions"}],"predecessor-version":[{"id":22764,"href":"https:\/\/www.celestino-piatti.ch\/en\/wp-json\/wp\/v2\/pages\/22747\/revisions\/22764"}],"wp:attachment":[{"href":"https:\/\/www.celestino-piatti.ch\/en\/wp-json\/wp\/v2\/media?parent=22747"}],"curies":[{"name":"wp","href":"https:\/\/api.w.org\/{rel}","templated":true}]}}

<p>[vc_row row_type=&#8221;row&#8221; use_row_as_full_screen_section=&#8221;no&#8221; type=&#8221;full_width&#8221; text_align=&#8221;left&#8221; background_animation=&#8221;none&#8221; css_animation=&#8221;&#8221;][vc_column offset=&#8221;vc_col-lg-offset-1/5 vc_col-lg-3/5 vc_col-xs-offset-1 vc_col-xs-10&#8243;][vc_column_text]</p>
<div class="wp-block-spacer" style="height: 40px;" aria-hidden="true"></div>
<p class="has-text-color has-huge-font-size has-very-dark-gray-color largeTitle"><strong>Exhibition Petershof 2019 «Celestino Piatti &#8211; The Visual Legacy»</strong></p>
<div class="wp-block-spacer" style="height: 20px;" aria-hidden="true"></div>
<p class="has-text-color has-medium-font-size has-very-dark-gray-color">The sales exhibition at Petershof in May 2019 was the first project of the association «Celestino Piatti &#8211; The Visual Legacy». The entire net proceeds will go to an anniversary publication on life and work, which is planned for 2022 to mark the 100th anniversary.</p>
<div class="wp-block-spacer" style="height: 40px;" aria-hidden="true"></div>
<p class="has-text-color has-large-font-size has-very-dark-gray-color largeTitle"><strong>Press commentary on the exhibition</strong></p>
<div class="wp-block-spacer" style="height: 20px;" aria-hidden="true"></div>
<p class="has-text-color has-medium-font-size has-very-dark-gray-color"><a href="https://www.celestino-piatti.ch/wp-content/uploads/2019/06/ProgrammZeitung_05_2019-S.1and21.pdf" target="_blank" rel="noopener noreferrer">Programmzeitung May 2019 (pdf)</a></p>
<div class="wp-block-spacer" style="height: 10px;" aria-hidden="true"></div>
<p class="has-text-color has-medium-font-size has-very-dark-gray-color"><a href="https://www.bzbasel.ch/basel/basel-stadt/celestino-piatti-wird-neu-entdeckt-nachfahren-praesentieren-retrospektive-134394400" target="_blank" rel="noopener noreferrer">«Schweiz am Wochenende» on April 27, 2019</a></p>
<div class="wp-block-spacer" style="height: 10px;" aria-hidden="true"></div>
<p class="has-text-color has-medium-font-size has-very-dark-gray-color"><a href="https://telebasel.ch/2019/04/30/die-werke-kosten-bis-10000-franken/" target="_blank" rel="noopener noreferrer">Telebasel on April 30, 2019</a></p>
<div class="wp-block-spacer" style="height: 10px;" aria-hidden="true"></div>
<p class="has-text-color has-medium-font-size has-very-dark-gray-color"><a href="https://www.srf.ch/news/regional/basel-baselland/piatti-ausstellung-wiedersehen-mit-alten-bekannten-aber-nicht-nur" target="_blank" rel="noopener noreferrer">Regional Journal SRF on Mai 4, 2019</a></p>
<div class="wp-block-spacer" style="height: 10px;" aria-hidden="true"></div>
<p class="has-text-color has-medium-font-size has-very-dark-gray-color"><a href="https://radiox.ch/news-archiv/celestinopiatti.html" target="_blank" rel="noopener noreferrer">Radio X on Mai 7, 2019</a></p>
<div class="wp-block-spacer" style="height: 10px;" aria-hidden="true"></div>
<p class="has-text-color has-medium-font-size has-very-dark-gray-color"><a href="https://basellive.ch/blog/ein-kleines-weltkulturerbe/bnmp" target="_blank" rel="noopener noreferrer">BaselLive on Mai 10, 2019</a></p>
<div class="wp-block-spacer" style="height: 40px;" aria-hidden="true"></div>
<p class="has-text-color has-medium-font-size has-very-dark-gray-color">Wer über die Aktivitäten des Vereins informiert werden oder Kunstwerke erwerben möchte folge unserem <a href="https://www.instagram.com/celestinopiatti/" target="_blank" rel="noopener noreferrer">Instagram-Kanal</a> oder melde sich bei der Adresse unten.</p>
<div class="wp-block-spacer" style="height: 40px;" aria-hidden="true"></div>
<p class="has-text-color has-medium-font-size has-very-dark-gray-color">Contact</p>
<div class="wp-block-spacer" style="height: 20px;" aria-hidden="true"></div>
<p class="has-text-color has-very-dark-gray-color">Association «Celestino Piatti – The Visual Legacy»<br />
c/o Dr. phil. Barbara Piatti<br />
Gotthelfstrasse 38<br />
CH-4054 Basel<br />
Mob. ++41 (0)78 677 66 25<br />
<a href="&#x6d;a&#x69;&#108;&#x74;&#111;:&#x69;&#110;&#x66;&#111;&#64;&#x63;&#101;&#x6c;&#101;s&#x74;i&#x6e;&#111;&#x2d;&#x70;i&#x61;&#116;&#x74;&#105;&#46;&#x63;&#104;">&#105;n&#102;o&#64;c&#x65;l&#x65;s&#x74;i&#x6e;o&#x2d;p&#x69;a&#x74;t&#x69;&#46;&#x63;h</a><br />
<a href="https://www.celestino-piatti.ch">www.celestino-piatti.ch</a></p>
<div class="wp-block-spacer" style="height: 40px;" aria-hidden="true"></div>
<p>[/vc_column_text][/vc_column][/vc_row][vc_row row_type=&#8221;row&#8221; use_row_as_full_screen_section=&#8221;no&#8221; type=&#8221;full_width&#8221; text_align=&#8221;left&#8221; background_animation=&#8221;none&#8221; css_animation=&#8221;&#8221;][vc_column][vc_single_image image=&#8221;22761&#8243; img_size=&#8221;full&#8221; alignment=&#8221;center&#8221; qode_css_animation=&#8221;&#8221;][/vc_column][/vc_row]</p>
